 and 17?
17
What is the greatest common divisor of 341 and 62?
31
Calculate the greatest common factor of 168 and 1890.
42
What is the highest common factor of 141 and 19?
1
What is the greatest common factor of 7075 and 10?
5
What is the highest common divisor of 736 and 28?
4
What is the highest common divisor of 684 and 152?
76
What is the greatest common factor of 20169 and 972?
243
What is the highest common divisor of 540 and 20?
20
What is the greatest common factor of 133 and 21?
7
Calculate the highest common factor of 57 and 1919.
19
What is the highest common divisor of 14 and 55846?
14
What is the highest common divisor of 48906 and 114?
114
Calculate the highest common factor of 36 and 342.
18
What is the greatest common factor of 46 and 14582?
46
What is the highest common factor of 33 and 561?
33
What is the greatest common divisor of 39 and 5538?
39
What is the highest common factor of 30 and 2535?
15
What is the highest common factor of 12 and 88?
4
What is the highest common factor of 377 and 232?
29
Calculate the greatest common factor of 580 and 540.
20
Calculate the highest common divisor of 26 and 1378.
26
What is the greatest common divisor of 6878 and 114?
38
Calculate the greatest common factor of 330 and 2145.
165
What is the highest common factor of 162 and 369?
9
Calculate the highest common factor of 804 and 24.
12
What is the greatest common divisor of 75 and 240?
15
Calculate the highest common factor of 22 and 2816.
22
What is the greatest common factor of 930 and 75?
15
What is the greatest common divisor of 12 and 186?
6
What is the greatest common factor of 21 and 39207?
21
What is the highest common factor of 152 and 8?
8
What is the greatest common divisor of 3689 and 476?
119
What is the highest common divisor of 7425 and 22?
11
Calculate the highest common factor of 186 and 114.
6
Calculate the highest common divisor of 141 and 3149.
47
Calculate the greatest common factor of 27922 and 46.
46
Calculate the greatest common divisor of 765 and 10.
5
Calculate the greatest common factor of 9 and 4581.
9
What is the highest common factor of 496 and 6634?
62
What is the greatest common divisor of 252 and 63?
63
What is the highest common factor of 287 and 21?
7
What is the greatest common factor of 9 and 36?
9
Calculate the greatest common divisor of 150 and 650.
50
Calculate the greatest common divisor of 44 and 814.
22
What is the highest common factor of 8 and 52?
4
What is the highest common factor of 1458 and 90?
18
Calculate the greatest common factor of 2496 and 364.
52
Calculate the highest common divisor of 437 and 38.
19
Calculate the highest common divisor of 18 and 18.
18
What is the greatest common divisor of 9684 and 324?
36
What is the greatest common divisor of 4418 and 188?
94
Calculate the greatest common factor of 165 and 77.
11
Calculate the greatest common factor of 12 and 87.
3
What is the greatest common factor of 2090 and 1980?
110
Calculate the highest common divisor of 114 and 8284.
38
What is the greatest common factor of 153 and 27?
9
Calculate the highest common factor of 340 and 935.
85
Calculate the highest common factor of 142 and 12709.
71
What is the highest common divisor of 4026 and 297?
33
What is the greatest common divisor of 437 and 779?
19
What is the greatest common divisor of 15 and 10245?
15
Calculate the greatest common divisor of 44555 and 190.
95
Calculate the highest common factor of 128 and 31104.
128
What is the greatest common divisor of 14 and 5950?
14
Calculate the greatest common factor of 6117 and 3.
3
What is the highest common divisor of 10 and 160?
10
What is the highest common divisor of 1296 and 48?
48
What is the greatest common factor of 633 and 16669?
211
What is the highest common factor of 1045 and 95?
95
What is the highest common divisor of 17 and 459?
17
Calculate the highest common divisor of 2626 and 26.
26
Calculate the greatest common divisor of 20 and 705.
5
What is the highest common factor of 108 and 11376?
36
Calculate the highest common divisor of 28 and 679.
7
Calculate the highest common divisor of 1203 and 16441.
401
What is the highest common divisor of 46 and 23?
23
Calculate the highest common divisor of 760 and 9595.
95
Calculate the highest common divisor of 16 and 512.
16
What is the greatest common divisor of 1656 and 72?
72
Calculate the highest common factor of 31 and 1.
1
What is the highest common divisor of 26 and 65?
13
Calculate the greatest common divisor of 282 and 9.
3
Calculate the highest common factor of 1133 and 11.
11
What is the greatest common factor of 36 and 5004?
36
Calculate the highest common divisor of 62 and 775.
31
Calculate the greatest common factor of 1364 and 44.
44
What is the greatest common factor of 99 and 72?
9
What is the greatest common divisor of 108 and 189?
27
What is the highest common factor of 196 and 84?
28
What is the greatest common divisor of 1025 and 75?
25
Calculate the greatest common divisor of 14 and 1253.
7
What is the highest common factor of 3059 and 532?
133
Calculate the highest common factor of 152 and 57.
19
What is the greatest common factor of 120 and 420?
60
What is the greatest common factor of 355 and 71?
71
What is the highest common divisor of 5511 and 33?
33
Calculate the greatest common divisor of 2093 and 644.
161
What is the greatest common factor of 30 and 22530?
30
Calculate the greatest common divisor of 243 and 405.
81
What is the greatest common divisor of 131 and 5240?
131
What is the highest common factor of 80 and 680?
40
Calculate the highest common divisor of 11 and 11.
11
What is the highest common factor of 5 and 205?
5
Calculate the greatest common divisor of 114393 and 51.
51
What is the greatest common divisor of 153 and 255?
51
Calculate the highest common divisor of 22884 and 36.
12
Calculate the highest common divisor of 74 and 925.
37
Calculate the highest common factor of 209 and 22.
11
What is the highest common divisor of 30 and 1530?
30
Calculate the greatest common divisor of 496 and 1568.
16
Calculate the greatest common factor of 396 and 90.
18
Calculate the highest common factor of 65 and 5.
5
What is the greatest common divisor of 274 and 64?
2
Calculate the highest common factor of 532 and 285.
19
Calculate the highest common factor of 782 and 23.
23
What is the highest common factor of 897 and 507?
39
Calculate the greatest common factor of 40 and 20570.
10
What is the highest common divisor of 540 and 105?
15
What is the greatest common divisor of 34 and 3893?
17
What is the greatest common divisor of 1786 and 752?
94
Calculate the highest common factor of 1298 and 2124.
118
What is the greatest common factor of 298 and 4619?
149
What is the highest common divisor of 4 and 41?
1
What is the greatest common divisor of 42 and 12614?
14
What is the greatest common divisor of 405 and 90?
45
What is the highest common divisor of 404 and 4?
4
Calculate the greatest common divisor of 121 and 220.
11
What is the greatest common divisor of 53 and 212?
53
Calculate the highest common divisor of 800 and 3400.
200
Calculate the greatest common factor of 89 and 623.
89
Calculate the greatest common divisor of 5 and 320.
5
Calculate the greatest common divisor of 72 and 2304.
72
What is the highest common divisor of 496 and 31?
31
What is the greatest common factor of 17 and 1207?
17
Calculate the greatest common divisor of 3269 and 14.
7
Calculate the greatest common divisor of 15 and 588.
3
What is the greatest common factor of 448 and 1036?
28
What is the highest common divisor of 50 and 16450?
50
What is the highest common divisor of 2200 and 80?
40
What is the highest common factor of 3036 and 12?
12
What is the greatest common divisor of 13 and 221?
13
Calculate the highest common factor of 207 and 13938.
69
What is the greatest common divisor of 12914 and 132?
22
What is the highest common divisor of 5 and 35?
5
Calculate the highest common divisor of 60 and 645.
15
What is the greatest common factor of 1406 and 38?
38
Calculate the greatest common divisor of 785 and 45.
5
Calculate the greatest common divisor of 633 and 12.
3
What is the highest common factor of 85 and 629?
17
Calculate the highest common factor of 5633 and 393.